- -2223311012?
2223311011
In base 6, what is -5 - 1003011055?
-1003011104
In base 16, what is 12c1 - -af1?
1db2
In base 14, what is -881 + 30450?
2d9ad
In base 16, what is 4 - ad468?
-ad464
In base 10, what is -3298 - -915?
-2383
In base 9, what is 3341 - -80362?
83713
In base 7, what is -14 - 156414?
-156431
In base 9, what is 43527347 - 5?
43527342
In base 3, what is -20020211200 - 1022001?
-20022010201
In base 5, what is -32 + 4142132?
4142100
In base 4, what is -2 + 2303332313033?
2303332313031
In base 14, what is 3 - 183ba4c?
-183ba49
In base 10, what is 76 - -59229?
59305
In base 6, what is 4 - -31525000132?
31525000140
In base 6, what is -4445421102 - -13?
-4445421045
In base 15, what is -59 - -d627b?
d6222
In base 7, what is -163334446 - 10?
-163334456
In base 14, what is -1 + -da20d4?
-da20d5
In base 10, what is 86251 + 78?
86329
In base 11, what is -90 + -103306a?
-103314a
In base 7, what is 504565 - -3404?
511302
In base 5, what is -3301021234020 + 10?
-3301021234010
In base 2, what is -11000100010000011010 + -10?
-11000100010000011100
In base 9, what is 0 + -124036213?
-124036213
In base 11, what is -26a7515 - -7?
-26a7509
In base 16, what is 52fb6 - 15?
52fa1
In base 13, what is 7ca1 - -73?
8044
In base 4, what is -1311 - 32311012?
-32312323
In base 7, what is 4020 + -5215?
-1165
In base 15, what is -7aea8a - -3b?
-7aea4e
In base 12, what is 412b - 299?
3a52
In base 3, what is -22 + 22001121001120?
22001121001021
In base 8, what is -20660130 + 5?
-20660123
In base 4, what is 102300303112 + -2?
102300303110
In base 5, what is -12123034 + -3422?
-12132011
In base 9, what is 1663 - -266735?
268508
In base 6, what is -44024132 - 2030?
-44030202
In base 11, what is 3 - 3790266?
-3790263
In base 2, what is -1000000010 + -1000010001011?
-1001010001101
In base 6, what is -15212 + -32330?
-51542
In base 16, what is -9a0acf - 2?
-9a0ad1
In base 10, what is 317 + 25600?
25917
In base 3, what is 20010 - -20020201120?
20020221200
In base 10, what is 7 + 5987531?
5987538
In base 2, what is -11011001 + -10010100101000011?
-10010101000011100
In base 10, what is 4 + 296758368?
296758372
In base 8, what is 2347 - 37366?
-35017
In base 5, what is 30420 - 20014?
10401
In base 16, what is -dd0a68 - -2?
-dd0a66
In base 9, what is 2124522 - -80?
2124612
In base 6, what is 3552 - -322202?
330154
In base 2, what is 110111110100110 - 1000111001010111?
-1111010110001
In base 5, what is -214331 + -203111?
-422442
In base 3, what is -2 + 12112010001200?
12112010001121
In base 3, what is 1112 - -100001022001?
100001100120
In base 9, what is -33258262 - 4?
-33258266
In base 9, what is -242458 + -186?
-242655
In base 9, what is 3865300106 + -4?
3865300102
In base 5, what is -323044121 - 114?
-323044240
In base 2, what is -1001010001011100010101101 + -100?
-1001010001011100010110001
In base 12, what is -1b - 132729?
-132748
In base 2, what is 11110110111111110 - -11000000?
11110111010111110
In base 3, what is 12111220122201100 + -20?
12111220122201010
In base 9, what is 1178 - 18064?
-16775
In base 5, what is -1114211 + 32242?
-1031414
In base 11, what is -474 - -120a070?
12096a7
In base 14, what is 17 - -47a748?
47a761
In base 2, what is -110011011101000101000000 - -100?
-110011011101000100111100
In base 10, what is 3169 + 1125?
4294
In base 2, what is -1101011010010110011 - 111011100?
-1101011011010001111
In base 16, what is 247fff4 + 5?
247fff9
In base 11, what is 708 - 160921?
-160214
In base 4, what is 130 + -103000031202?
-103000031012
In base 12, what is -27b08b20 + 1?
-27b08b1b
In base 15, what is -6a + -3b5ca5?
-3b5d20
In base 7, what is -3625131006 + 5?
-3625131001
In base 14, what is 1a334 - 3484?
16c90
In base 6, what is -55515314 - -13?
-55515301
In base 5, what is 31003134144 + 2?
31003134201
In base 10, what is -4 - 8639096?
-8639100
In base 9, what is 76 - 252822?
-252735
In base 14, what is 79110b3 - 2?
79110b1
In base 13, what is -8 - -1020281?
1020276
In base 14, what is 96 - 614d7?
-61441
In base 7, what is -24111411 - 22?
-24111433
In base 7, what is -2 - -6421050602?
6421050600
In base 13, what is -556 + 4778?
4222
In base 9, what is -826415535 - 1?
-826415536
In base 5, what is 10003 + -34311203?
-34301200
In base 7, what is 1263346 - -531?
1264210
In base 9, what is 5 + 2712206?
2712212
In base 16, what is -5 - 32f8c?
-32f91
In base 5, what is 20134221 + -3313?
20130403
In base 8, what is 5005 - -254244?
261251
In base 8, what is -3707 + -15160?
-21067
In base 2, what is -10001110 + 110100110101101?
110100100011111
In base 16, what is 3 - -54ce558?
54ce55b
In base 8, what is 444761156 + 3?
444761161
In base 10, what is -12547882 - 5?
-12547887
In base 8, what is -406 - -120163?
117555
In base 15, what is 25d8 + 92?
267a
In base 8, what is -61544372 - 3?
-61544375
In base 11, what is -197 + 68875?
68689
In base 6, what is 14013002 + 0?
14013002
In base 4, what is 203 - 120331010?
-120330201
In base 2, what is -100100111010 - 10001000010110111?
-10001100111110001
In base 4, what is 30212011 + 12130?
30230201
In base 10, what is 27 + -3931895?
-3931868
In base 13, what is 10 - 301cca?
-301cba
In base 8, what is 15 - 5773761?
-5773744
In base 2, what is 1001111101111111 - -10010001?
1010000000010000
In base 11, what is 351 - -15626?
15977
In base 12, what is 88 + 1b0414?
1b04a0
In base 10, what is -307817 + -3?
-307820
In base 13, what is 5392 - 10?
5382
In base 3, what is 10102 - -111002122202121?
111002122220000
In base 7, what is -626542404 - -2?
-626542402
In base 16, what is -1425f18 + 4?
-1425f14
In base 16, what is 2 + 2ddb97?
2ddb99
In base 6, what is -244 - -2324445?
2324201
In base 6, what is -1234 - 302243?
-303521
In base 7, what is -20 - -363352?
363332
In base 15, what is -1 - 53b5bb?
-53b5bc
In base 11, what is 2a6444 + -105?
2a633a
In base 5, what is 211020 + 2200322?
2411342
In base 8, what is -6 - 30567103?
-30567111
In base 2, what is 11011101010010101111 + 1010000?
11011101010011111111
In base 15, what is -2d5ec0 + 9?
-2d5eb6
In base 14, what is 7d0 - c450?
-ba60
In base 10, what is -302 - -47653?
47351
In base 8, what is 21135 + 116410?
137545
In base 2, what is -1 + -101110111100110101011001011?
-101110111100110101011001100
In base 11, what is 1639a05 + -6?
16399aa
In base 7, what is -1323 + -564512?
-566135
In base 5, what is -41320224100 - -11?
-41320224034
In base 9, what is 3641724 + 105?
3641830
In base 3, what is 1100022111022020120 + 11?
1100022111022020201
In base 7, what is -164 - -64261534?
64261340
In base 3, what is -2001210021021100 - -11?
-2001210021021012
In base 11, what is 111294 + 42?
111326
In base 15, what is d - 34a1?
-3493
In base 5, what is -21 + -120202124?
-120202200
In base 6, what is -4 + 14211524?
14211520
In base 16, what is 849 - -27727?
27f70
In base 5, what is -404 + 3124124?
3123220
In base 4, what is -13 + 2011132?
2011113
In base 6, what is -2211224 - 4?
-2211232
In base 15, what is -7 + -187e09?
-187e11
In base 14, what is 10616 + 460?
10a76
In base 11, what is 3 - -1709761?
1709764
In base 8, what is -3156 - 26454?
-31632
In base 12, what is -37 - 38371?
-383a8
In base 6, what is 154352343 + -2?
154352341
In base 6, what is 213412 + 54252?
312104
In base 8, what is 127 - -24275564?
24275713
In base 3, what is 2111011122021 - -11022?
2111011210120
In base 3, what is -1202222120211202 - -12?
-1202222120211120
In base 12, what is -119b6b - -a?
-119b61
In base 7, what is 235343060 - 6?
235343051
In base 6, what is -115021051 - 2330?
-115023421
In base 5, what is 3313400 + 33001?
3401401
In base 4, what is 320 + 1111221332?
1111222312
In base 4, what is -2001 - -1221010123?
1221002122
In base 11, what is -451 + 1582?
1131
In base 6, what is -20203315 - -30?
-20203245
In base 9, what is -1 + 488173?
488172
In base 13, what is 1a67529 - -5?
1a67531
In base 9, what is 3 + 2771647?
2771651
In base 8, what is -10 + -121460427?
-121460437
In base 16, what is 9769d + 24?
976c1
In base 12, what is -466 + 4b671?
4b207
In base 3, what is 1100000202210010 - 121?
1100000202202112
In base 14, what is 4a + 8a99?
8b05
In base 7, what is 1206513635 - 4?
1206513631
In base 7, what is -2046 + 404021?
401642
In base 12, what is 143b85 - -6b?
144034
In base 12, what is -659 - 1a67?
-2504
In base 5, what i